{"id":226,"date":"2017-09-13T03:54:45","date_gmt":"2017-09-13T03:54:45","guid":{"rendered":"http:\/\/apressthemes.com\/demo17\/?page_id=6"},"modified":"2025-08-28T10:59:57","modified_gmt":"2025-08-28T13:59:57","slug":"home","status":"publish","type":"page","link":"https:\/\/www.xn--paosjaime-m6a.com\/","title":{"rendered":"Home"},"content":{"rendered":"<p>[vc_row bg_type=&#8221;image&#8221; parallax_style=&#8221;vcpb-vz-jquery&#8221; bg_image_repeat=&#8221;no-repeat&#8221; bg_override=&#8221;ex-full&#8221; el_id=&#8221;calidad&#8221; el_class=&#8221;calidad&#8221;][vc_column][vc_empty_space height=&#8221;50 px&#8221;][\/vc_column][\/vc_row][vc_row bg_type=&#8221;image&#8221; parallax_style=&#8221;vcpb-vz-jquery&#8221; bg_image_new=&#8221;id^435|url^https:\/\/www.panosjaime.com\/wp-content\/uploads\/2019\/08\/pool_jaime_verde.jpg|caption^null|alt^null|title^pool_jaime_verde|description^null&#8221; bg_image_repeat=&#8221;no-repeat&#8221; bg_override=&#8221;ex-full&#8221; el_id=&#8221;calidad&#8221;][vc_column][vc_empty_space height=&#8221;10px&#8221;][vc_row_inner gap=&#8221;30&#8243; el_id=&#8221;CALIDAD&#8221;][vc_column_inner width=&#8221;1\/4&#8243;][apress_heading sub_title=&#8221;&#8221; content_alignment=&#8221;left&#8221; data_animation=&#8221;fadeInUp&#8221; data_delay=&#8221;300&#8243; enable_delimiter=&#8221;&#8221; color_scheme=&#8221;design_your_own&#8221; main_heading_color=&#8221;#ffffff&#8221; style=&#8221;heading_style6&#8243; title_font_options=&#8221;tag:h1|font_size:25|line_height:20|letter_spacing:1&#8243; subtitle_font_options=&#8221;tag:div|color:%23ffffff|letter_spacing:1&#8243;]<span style=\"font-weight: 400;\">Pa\u00f1os Jaime mejora el juego y la experiencia de los jugadores.<\/span>[\/apress_heading][\/vc_column_inner][vc_column_inner width=&#8221;3\/4&#8243;]<div class=\"smile_icon_list_wrap ult_info_list_container ult-adjust-bottom-margin  \"><ul class=\"smile_icon_list left circle with_bg\"><li class=\"icon_list_item\" style=\" font-size:36px;\"><div class=\"icon_list_icon\" data-animation=\"fadeInLeft\" data-animation-delay=\"03\" style=\"font-size:12px;border-width:1px;border-style:none;background:#000000;color:#ffffff;border-color:#333333;\"><i class=\"Defaults-check\" ><\/i><\/div><div class=\"icon_description\" id=\"Info-list-wrap-1833\" style=\"font-size:12px;\"><div class=\"icon_description_text ult-responsive\"  data-ultimate-target='#Info-list-wrap-1833 .icon_description_text'  data-responsive-json-new='{\"font-size\":\"desktop:20px;\",\"line-height\":\"desktop:20px;\"}'  style=\"color:#ffffff;\"><p><span style=\"font-weight: 400;\">\u00danica f\u00e1brica en Argentina dedicada 100% al pa\u00f1o para pool.<\/span><\/p>\n<\/div><\/div><div class=\"icon_list_connector\"  style=\"border-right-width: 1px;border-right-style: dashed;border-color: #000000;\"><\/div><\/li><li class=\"icon_list_item\" style=\" font-size:36px;\"><div class=\"icon_list_icon\" data-animation=\"fadeInLeft\" data-animation-delay=\"03\" style=\"font-size:12px;border-width:1px;border-style:none;background:#000000;color:#ffffff;border-color:#333333;\"><i class=\"Defaults-check\" ><\/i><\/div><div class=\"icon_description\" id=\"Info-list-wrap-3272\" style=\"font-size:12px;\"><div class=\"icon_description_text ult-responsive\"  data-ultimate-target='#Info-list-wrap-3272 .icon_description_text'  data-responsive-json-new='{\"font-size\":\"desktop:20px;\",\"line-height\":\"desktop:20px;\"}'  style=\"color:#ffffff;\"><div class=\"uavc-list-icon \" data-animation=\"\" data-animation-delay=\"03\">Excelente selecci\u00f3n de materia prima.<\/div>\n<\/div><\/div><div class=\"icon_list_connector\"  style=\"border-right-width: 1px;border-right-style: dashed;border-color: #000000;\"><\/div><\/li><li class=\"icon_list_item\" style=\" font-size:36px;\"><div class=\"icon_list_icon\" data-animation=\"fadeInLeft\" data-animation-delay=\"03\" style=\"font-size:12px;border-width:1px;border-style:none;background:#000000;color:#ffffff;border-color:#333333;\"><i class=\"Defaults-check\" ><\/i><\/div><div class=\"icon_description\" id=\"Info-list-wrap-4572\" style=\"font-size:12px;\"><div class=\"icon_description_text ult-responsive\"  data-ultimate-target='#Info-list-wrap-4572 .icon_description_text'  data-responsive-json-new='{\"font-size\":\"desktop:20px;\",\"line-height\":\"desktop:20px;\"}'  style=\"color:#ffffff;\"><p><span style=\"font-weight: 400;\">Estrictos controles de calidad en todo el proceso de fabricaci\u00f3n.<\/span><\/p>\n<\/div><\/div><div class=\"icon_list_connector\"  style=\"border-right-width: 1px;border-right-style: dashed;border-color: #000000;\"><\/div><\/li><li class=\"icon_list_item\" style=\" font-size:36px;\"><div class=\"icon_list_icon\" data-animation=\"fadeInLeft\" data-animation-delay=\"03\" style=\"font-size:12px;border-width:1px;border-style:none;background:#000000;color:#ffffff;border-color:#333333;\"><i class=\"Defaults-check\" ><\/i><\/div><div class=\"icon_description\" id=\"Info-list-wrap-1675\" style=\"font-size:12px;\"><div class=\"icon_description_text ult-responsive\"  data-ultimate-target='#Info-list-wrap-1675 .icon_description_text'  data-responsive-json-new='{\"font-size\":\"desktop:20px;\",\"line-height\":\"desktop:20px;\"}'  style=\"color:#ffffff;\"><p>Su tejido apretado resiste el rozamiento constante y evita la penetraci\u00f3n del polvo de la tiza.<\/p>\n<\/div><\/div><div class=\"icon_list_connector\"  style=\"border-right-width: 1px;border-right-style: dashed;border-color: #000000;\"><\/div><\/li><li class=\"icon_list_item\" style=\" font-size:36px;\"><div class=\"icon_list_icon\" data-animation=\"fadeInLeft\" data-animation-delay=\"03\" style=\"font-size:12px;border-width:1px;border-style:none;background:#000000;color:#ffffff;border-color:#333333;\"><i class=\"Defaults-check\" ><\/i><\/div><div class=\"icon_description\" id=\"Info-list-wrap-5722\" style=\"font-size:12px;\"><div class=\"icon_description_text ult-responsive\"  data-ultimate-target='#Info-list-wrap-5722 .icon_description_text'  data-responsive-json-new='{\"font-size\":\"desktop:20px;\",\"line-height\":\"desktop:20px;\"}'  style=\"color:#ffffff;\"><p>Resultado final perfecto para el juego.<\/p>\n<\/div><\/div><div class=\"icon_list_connector\"  style=\"border-right-width: 1px;border-right-style: dashed;border-color: #000000;\"><\/div><\/li><\/ul><\/div>[\/vc_column_inner][\/vc_row_inner][vc_empty_space height=&#8221;10px&#8221;][\/vc_column][\/vc_row][vc_row][vc_column css_animation=&#8221;fadeInUp&#8221;]<div class=\"ult-spacer spacer-6a03ef322bb5c\" data-id=\"6a03ef322bb5c\" data-height=\"75\" data-height-mobile=\"75\" data-height-tab=\"75\" data-height-tab-portrait=\"\" data-height-mobile-landscape=\"\" style=\"clear:both;display:block;\"><\/div>[apress_text_separator title=&#8221;Encuentre el color de pa\u00f1o para su juego&#8221; color=&#8221;#ededed&#8221; title_font_options=&#8221;tag:h2|font_size:35|color:%23333333|line_height:45|letter_spacing:1&#8243;][\/vc_column][\/vc_row][vc_row bg_type=&#8221;image&#8221; parallax_style=&#8221;vcpb-vz-jquery&#8221; bg_image_new=&#8221;id^336|url^https:\/\/www.panosjaime.com\/wp-content\/uploads\/2019\/08\/stockpermanente.png|caption^null|alt^null|title^stockpermanente|description^null&#8221; bg_image_repeat=&#8221;no-repeat&#8221; bg_override=&#8221;ex-full&#8221;][vc_column][vc_empty_space height=&#8221;5px&#8221;][vc_row_inner gap=&#8221;30&#8243;][vc_column_inner el_class=&#8221;calidad&#8221;][apress_heading sub_title=&#8221;&#8221; content_alignment=&#8221;left&#8221; data_animation=&#8221;fadeInUp&#8221; data_delay=&#8221;300&#8243; enable_delimiter=&#8221;&#8221; color_scheme=&#8221;design_your_own&#8221; main_heading_color=&#8221;#ffffff&#8221; style=&#8221;heading_style6&#8243; title_font_options=&#8221;tag:h1|font_size:40|line_height:50|letter_spacing:1&#8243; subtitle_font_options=&#8221;tag:div|color:%23ffffff|letter_spacing:1&#8243;]<\/p>\n<p style=\"text-align: center;\"><span style=\"font-weight: 400;\">STOCK PERMANENTE<\/span><\/p>\n<p>[\/apress_heading][\/vc_column_inner][\/vc_row_inner][vc_empty_space height=&#8221;20px&#8221;][\/vc_column][\/vc_row][vc_row bg_type=&#8221;image&#8221; parallax_style=&#8221;vcpb-vz-jquery&#8221; bg_image_repeat=&#8221;no-repeat&#8221; bg_override=&#8221;ex-full&#8221;][vc_column][vc_empty_space height=&#8221;75px&#8221;][apress_text_separator title=&#8221;Esperamos su consulta&#8221; color=&#8221;#ededed&#8221; title_font_options=&#8221;tag:h2|font_size:35|color:%23333333|line_height:45|letter_spacing:1&#8243;][vc_column_text]<\/p>\n<h6 style=\"text-align: center;\">[S\u00f3lo venta por pieza]<\/h6>\n<p>[\/vc_column_text][\/vc_column][\/vc_row][vc_row gap=&#8221;30&#8243; css=&#8221;.vc_custom_1505388678518{padding-top: 60px !important;padding-bottom: 50px !important;}&#8221;][vc_column css_animation=&#8221;fadeInUp&#8221; width=&#8221;1\/3&#8243;]\r\n<!--zolo calltoaction Row Start-->\r\n\r\n<div id=\"apress_contactform_1\" class=\"apress_contactform medium_buttton noanimation\" data-animation =\"No Animation\" data-delay =\"500\"> \r\n\t\n<div class=\"wpcf7 no-js\" id=\"wpcf7-f239-o1\" lang=\"en-US\" dir=\"ltr\" data-wpcf7-id=\"239\">\n<div class=\"screen-reader-response\"><p role=\"status\" aria-live=\"polite\" aria-atomic=\"true\"><\/p> <ul><\/ul><\/div>\n<form action=\"\/index.php?rest_route=%2Fwp%2Fv2%2Fpages%2F226#wpcf7-f239-o1\" method=\"post\" class=\"wpcf7-form init\" aria-label=\"Contact form\" novalidate=\"novalidate\" data-status=\"init\">\n<fieldset class=\"hidden-fields-container\"><input type=\"hidden\" name=\"_wpcf7\" value=\"239\" \/><input type=\"hidden\" name=\"_wpcf7_version\" value=\"6.1.1\" \/><input type=\"hidden\" name=\"_wpcf7_locale\" value=\"en_US\" \/><input type=\"hidden\" name=\"_wpcf7_unit_tag\" value=\"wpcf7-f239-o1\" \/><input type=\"hidden\" name=\"_wpcf7_container_post\" value=\"0\" \/><input type=\"hidden\" name=\"_wpcf7_posted_data_hash\" value=\"\" \/><input type=\"hidden\" name=\"_wpcf7_recaptcha_response\" value=\"\" \/>\n<\/fieldset>\n<ul class=\"contact_form input_bottom_border\">\n\t<li class=\"one_half\">\n\t\t<p><span class=\"wpcf7-form-control-wrap\" data-name=\"your-name\"><input size=\"40\" maxlength=\"400\" class=\"wpcf7-form-control wpcf7-text wpcf7-validates-as-required\" aria-required=\"true\" aria-invalid=\"false\" placeholder=\"Nombre\" value=\"\" type=\"text\" name=\"your-name\" \/><\/span>\n\t\t<\/p>\n\t<\/li>\n\t<li class=\"one_half\">\n\t\t<p><span class=\"wpcf7-form-control-wrap\" data-name=\"your-email\"><input size=\"40\" maxlength=\"400\" class=\"wpcf7-form-control wpcf7-email wpcf7-validates-as-required wpcf7-text wpcf7-validates-as-email\" aria-required=\"true\" aria-invalid=\"false\" placeholder=\"Email\" value=\"\" type=\"email\" name=\"your-email\" \/><\/span>\n\t\t<\/p>\n\t<\/li>\n\t<li>\n\t\t<p><span class=\"wpcf7-form-control-wrap\" data-name=\"your-subject\"><input size=\"40\" maxlength=\"400\" class=\"wpcf7-form-control wpcf7-text\" aria-invalid=\"false\" placeholder=\"Subject\" value=\"\" type=\"text\" name=\"your-subject\" \/><\/span>\n\t\t<\/p>\n\t<\/li>\n\t<li>\n\t\t<p><span class=\"wpcf7-form-control-wrap\" data-name=\"your-message\"><textarea cols=\"40\" rows=\"10\" maxlength=\"2000\" class=\"wpcf7-form-control wpcf7-textarea\" aria-invalid=\"false\" placeholder=\"Mensaje\" name=\"your-message\"><\/textarea><\/span>\n\t\t<\/p>\n\t<\/li>\n\t<li buttononclick=\"return gtag_report_conversion('https:\/\/www.xn--paosjaime-m6a.com\/contact\/')\">\n\t\t<p><input class=\"wpcf7-form-control wpcf7-submit has-spinner\" type=\"submit\" value=\"Enviar\" \/>\n\t\t<\/p>\n\t<\/li>\n<\/ul><div class=\"wpcf7-response-output\" aria-hidden=\"true\"><\/div>\n<\/form>\n<\/div>\n \r\n<\/div>\r\n[\/vc_column][vc_column css_animation=&#8221;fadeInUp&#8221; width=&#8221;1\/3&#8243;][apress_gradient_icon_box description=&#8221;&#8221; data_animation=&#8221;fadeInUp&#8221; icon_family=&#8221;fontawesome&#8221; icon_fontawesome=&#8221;fa fa-mobile&#8221; style=&#8221;iconbox_style1&#8243; title_font_options=&#8221;tag:h4&#8243;]<a href=\"tel:+5491158266270\">+54911 5826 6270<\/a>[\/apress_gradient_icon_box][vc_empty_space height=&#8221;40px&#8221;][apress_gradient_icon_box description=&#8221;&#8221; data_animation=&#8221;fadeInUp&#8221; icon_family=&#8221;fontawesome&#8221; icon_fontawesome=&#8221;fa fa-map-marker&#8221; gradient_icon_size=&#8221;25&#8243; style=&#8221;iconbox_style1&#8243; title_font_options=&#8221;tag:h4&#8243;]Peiping 5174. CABA. Buenos Aires. Argentina.[\/apress_gradient_icon_box][\/vc_column][vc_column width=&#8221;1\/3&#8243;][vc_gmaps link=&#8221;#E-8_JTNDaWZyYW1lJTIwc3JjJTNEJTIyaHR0cHMlM0ElMkYlMkZ3d3cuZ29vZ2xlLmNvbSUyRm1hcHMlMkZlbWJlZCUzRnBiJTNEJTIxMW0xOCUyMTFtMTIlMjExbTMlMjExZDMyODMuNDAyOTQ1MzY0Mzc0JTIxMmQtNTguNTE2OTM5MTQ5NDU1MTI2JTIxM2QtMzQuNjE5MjU2MjY1NzMwOTklMjEybTMlMjExZjAlMjEyZjAlMjEzZjAlMjEzbTIlMjExaTEwMjQlMjEyaTc2OCUyMTRmMTMuMSUyMTNtMyUyMTFtMiUyMTFzMHg5NWJjYzgyOTYxMzUzZTM5JTI1M0EweGQ3ZTM2N2Q3MjZjNWJjN2YlMjEyc1BlaXBpbmclMjUyMDUxNzQlMjUyQyUyNTIwQzE0MTclMjUyMENBQkElMjE1ZTAlMjEzbTIlMjExc2VzJTIxMnNhciUyMTR2MTU3MTg3MjgxNTU4MyUyMTVtMiUyMTFzZXMlMjEyc2FyJTIyJTIwd2lkdGglM0QlMjI2MDAlMjIlMjBoZWlnaHQlM0QlMjI0NTAlMjIlMjBmcmFtZWJvcmRlciUzRCUyMjAlMjIlMjBzdHlsZSUzRCUyMmJvcmRlciUzQTAlM0IlMjIlMjBhbGxvd2Z1bGxzY3JlZW4lM0QlMjIlMjIlM0UlM0MlMkZpZnJhbWUlM0U=&#8221; css_animation=&#8221;fadeInUp&#8221;][\/vc_column][\/vc_row]<\/p>\n","protected":false},"excerpt":{"rendered":"<p>[vc_row bg_type=&#8221;image&#8221; parallax_style=&#8221;vcpb-vz-jquery&#8221; bg_image_repeat=&#8221;no-repeat&#8221; bg_override=&#8221;ex-full&#8221; el_id=&#8221;calidad&#8221; el_class=&#8221;calidad&#8221;][vc_column][vc_empty_space height=&#8221;50 px&#8221;][\/vc_column][\/vc_row][vc_row bg_type=&#8221;image&#8221; parallax_style=&#8221;vcpb-vz-jquery&#8221; bg_image_new=&#8221;id^435|url^https:\/\/www.panosjaime.com\/wp-content\/uploads\/2019\/08\/pool_jaime_verde.jpg|caption^null|alt^null|title^pool_jaime_verde|description^null&#8221; bg_image_repeat=&#8221;no-repeat&#8221; bg_override=&#8221;ex-full&#8221; el_id=&#8221;calidad&#8221;][vc_column][vc_empty_space height=&#8221;10px&#8221;][vc_row_inner gap=&#8221;30&#8243; el_id=&#8221;CALIDAD&#8221;][vc_column_inner width=&#8221;1\/4&#8243;][apress_heading sub_title=&#8221;&#8221; content_alignment=&#8221;left&#8221; data_animation=&#8221;fadeInUp&#8221; data_delay=&#8221;300&#8243; enable_delimiter=&#8221;&#8221; color_scheme=&#8221;design_your_own&#8221; main_heading_color=&#8221;#ffffff&#8221; style=&#8221;heading_style6&#8243; title_font_options=&#8221;tag:h1|font_size:25|line_height:20|letter_spacing:1&#8243; subtitle_font_options=&#8221;tag:div|color:%23ffffff|letter_spacing:1&#8243;]Pa\u00f1os Jaime mejora el juego y la experiencia de los jugadores.[\/apress_heading][\/vc_column_inner][vc_column_inner width=&#8221;3\/4&#8243;][\/vc_column_inner][\/vc_row_inner][vc_empty_space<span class=\"read_more_area\"><a class=\"read-more\" href=\"https:\/\/www.xn--paosjaime-m6a.com\/\"> Continue Reading <\/a><\/span><\/p>\n","protected":false},"author":1,"featured_media":0,"parent":0,"menu_order":0,"comment_status":"closed","ping_status":"closed","template":"","meta":{"footnotes":""},"class_list":["post-226","page","type-page","status-publish","hentry"],"yoast_head":"<!-- This site is optimized with the Yoast SEO plugin v25.7 - https:\/\/yoast.com\/wordpress\/plugins\/seo\/ -->\n<title>Pa\u00f1os Jaime. Todo para pool.<\/title>\n<meta name=\"description\" content=\"Fabricante de pa\u00f1os para pool en Argentina e Importador de accesorios para Pool y Billar. Tacos, bolas, tizas, punteras.\" \/>\n<meta name=\"robots\" content=\"index, follow, max-snippet:-1, max-image-preview:large, max-video-preview:-1\" \/>\n<link rel=\"canonical\" href=\"https:\/\/www.xn--paosjaime-m6a.com\/\" \/>\n<meta property=\"og:locale\" content=\"es_ES\" \/>\n<meta property=\"og:type\" content=\"article\" \/>\n<meta property=\"og:title\" content=\"Pa\u00f1os Jaime. Todo para pool.\" \/>\n<meta property=\"og:description\" content=\"Fabricante de pa\u00f1os para pool en Argentina e Importador de accesorios para Pool y Billar. Tacos, bolas, tizas, punteras.\" \/>\n<meta property=\"og:url\" content=\"https:\/\/www.xn--paosjaime-m6a.com\/\" \/>\n<meta property=\"og:site_name\" content=\"Pa\u00f1os Jaime\" \/>\n<meta property=\"article:publisher\" content=\"https:\/\/www.facebook.com\/fabricadepanosparapool\/\" \/>\n<meta property=\"article:modified_time\" content=\"2025-08-28T13:59:57+00:00\" \/>\n<meta property=\"og:image\" content=\"https:\/\/www.xn--paosjaime-m6a.com\/wp-content\/uploads\/2019\/10\/panosjaime-logo-x.png\" \/>\n\t<meta property=\"og:image:width\" content=\"150\" \/>\n\t<meta property=\"og:image:height\" content=\"71\" \/>\n\t<meta property=\"og:image:type\" content=\"image\/png\" \/>\n<meta name=\"twitter:card\" content=\"summary_large_image\" \/>\n<meta name=\"twitter:label1\" content=\"Tiempo de lectura\" \/>\n\t<meta name=\"twitter:data1\" content=\"1 minuto\" \/>\n<script type=\"application\/ld+json\" class=\"yoast-schema-graph\">{\"@context\":\"https:\/\/schema.org\",\"@graph\":[{\"@type\":\"WebPage\",\"@id\":\"https:\/\/www.xn--paosjaime-m6a.com\/\",\"url\":\"https:\/\/www.xn--paosjaime-m6a.com\/\",\"name\":\"Pa\u00f1os Jaime. Todo para pool.\",\"isPartOf\":{\"@id\":\"https:\/\/www.xn--paosjaime-m6a.com\/#website\"},\"datePublished\":\"2017-09-13T03:54:45+00:00\",\"dateModified\":\"2025-08-28T13:59:57+00:00\",\"description\":\"Fabricante de pa\u00f1os para pool en Argentina e Importador de accesorios para Pool y Billar. Tacos, bolas, tizas, punteras.\",\"breadcrumb\":{\"@id\":\"https:\/\/www.xn--paosjaime-m6a.com\/#breadcrumb\"},\"inLanguage\":\"es-AR\",\"potentialAction\":[{\"@type\":\"ReadAction\",\"target\":[\"https:\/\/www.xn--paosjaime-m6a.com\/\"]}]},{\"@type\":\"BreadcrumbList\",\"@id\":\"https:\/\/www.xn--paosjaime-m6a.com\/#breadcrumb\",\"itemListElement\":[{\"@type\":\"ListItem\",\"position\":1,\"name\":\"Inicio\",\"item\":\"https:\/\/www.xn--paosjaime-m6a.com\/\"},{\"@type\":\"ListItem\",\"position\":2,\"name\":\"Home\"}]},{\"@type\":\"WebSite\",\"@id\":\"https:\/\/www.xn--paosjaime-m6a.com\/#website\",\"url\":\"https:\/\/www.xn--paosjaime-m6a.com\/\",\"name\":\"Pa\u00f1os Jaime\",\"description\":\"\u00danico fabricante de pa\u00f1os para pool en Argentina desde hace m\u00e1s de 50 a\u00f1os. Importador de accesorios para pool y billar.\",\"publisher\":{\"@id\":\"https:\/\/www.xn--paosjaime-m6a.com\/#organization\"},\"potentialAction\":[{\"@type\":\"SearchAction\",\"target\":{\"@type\":\"EntryPoint\",\"urlTemplate\":\"https:\/\/www.xn--paosjaime-m6a.com\/?s={search_term_string}\"},\"query-input\":{\"@type\":\"PropertyValueSpecification\",\"valueRequired\":true,\"valueName\":\"search_term_string\"}}],\"inLanguage\":\"es-AR\"},{\"@type\":\"Organization\",\"@id\":\"https:\/\/www.xn--paosjaime-m6a.com\/#organization\",\"name\":\"Pa\u00f1os Jaime\",\"url\":\"https:\/\/www.xn--paosjaime-m6a.com\/\",\"logo\":{\"@type\":\"ImageObject\",\"inLanguage\":\"es-AR\",\"@id\":\"https:\/\/www.xn--paosjaime-m6a.com\/#\/schema\/logo\/image\/\",\"url\":\"https:\/\/www.xn--paosjaime-m6a.com\/wp-content\/uploads\/2019\/10\/panosjaime-logo-x.png\",\"contentUrl\":\"https:\/\/www.xn--paosjaime-m6a.com\/wp-content\/uploads\/2019\/10\/panosjaime-logo-x.png\",\"width\":150,\"height\":71,\"caption\":\"Pa\u00f1os Jaime\"},\"image\":{\"@id\":\"https:\/\/www.xn--paosjaime-m6a.com\/#\/schema\/logo\/image\/\"},\"sameAs\":[\"https:\/\/www.facebook.com\/fabricadepanosparapool\/\"]}]}<\/script>\n<!-- \/ Yoast SEO plugin. -->","yoast_head_json":{"title":"Pa\u00f1os Jaime. Todo para pool.","description":"Fabricante de pa\u00f1os para pool en Argentina e Importador de accesorios para Pool y Billar. Tacos, bolas, tizas, punteras.","robots":{"index":"index","follow":"follow","max-snippet":"max-snippet:-1","max-image-preview":"max-image-preview:large","max-video-preview":"max-video-preview:-1"},"canonical":"https:\/\/www.xn--paosjaime-m6a.com\/","og_locale":"es_ES","og_type":"article","og_title":"Pa\u00f1os Jaime. Todo para pool.","og_description":"Fabricante de pa\u00f1os para pool en Argentina e Importador de accesorios para Pool y Billar. Tacos, bolas, tizas, punteras.","og_url":"https:\/\/www.xn--paosjaime-m6a.com\/","og_site_name":"Pa\u00f1os Jaime","article_publisher":"https:\/\/www.facebook.com\/fabricadepanosparapool\/","article_modified_time":"2025-08-28T13:59:57+00:00","og_image":[{"width":150,"height":71,"url":"https:\/\/www.xn--paosjaime-m6a.com\/wp-content\/uploads\/2019\/10\/panosjaime-logo-x.png","type":"image\/png"}],"twitter_card":"summary_large_image","twitter_misc":{"Tiempo de lectura":"1 minuto"},"schema":{"@context":"https:\/\/schema.org","@graph":[{"@type":"WebPage","@id":"https:\/\/www.xn--paosjaime-m6a.com\/","url":"https:\/\/www.xn--paosjaime-m6a.com\/","name":"Pa\u00f1os Jaime. Todo para pool.","isPartOf":{"@id":"https:\/\/www.xn--paosjaime-m6a.com\/#website"},"datePublished":"2017-09-13T03:54:45+00:00","dateModified":"2025-08-28T13:59:57+00:00","description":"Fabricante de pa\u00f1os para pool en Argentina e Importador de accesorios para Pool y Billar. Tacos, bolas, tizas, punteras.","breadcrumb":{"@id":"https:\/\/www.xn--paosjaime-m6a.com\/#breadcrumb"},"inLanguage":"es-AR","potentialAction":[{"@type":"ReadAction","target":["https:\/\/www.xn--paosjaime-m6a.com\/"]}]},{"@type":"BreadcrumbList","@id":"https:\/\/www.xn--paosjaime-m6a.com\/#breadcrumb","itemListElement":[{"@type":"ListItem","position":1,"name":"Inicio","item":"https:\/\/www.xn--paosjaime-m6a.com\/"},{"@type":"ListItem","position":2,"name":"Home"}]},{"@type":"WebSite","@id":"https:\/\/www.xn--paosjaime-m6a.com\/#website","url":"https:\/\/www.xn--paosjaime-m6a.com\/","name":"Pa\u00f1os Jaime","description":"\u00danico fabricante de pa\u00f1os para pool en Argentina desde hace m\u00e1s de 50 a\u00f1os. Importador de accesorios para pool y billar.","publisher":{"@id":"https:\/\/www.xn--paosjaime-m6a.com\/#organization"},"potentialAction":[{"@type":"SearchAction","target":{"@type":"EntryPoint","urlTemplate":"https:\/\/www.xn--paosjaime-m6a.com\/?s={search_term_string}"},"query-input":{"@type":"PropertyValueSpecification","valueRequired":true,"valueName":"search_term_string"}}],"inLanguage":"es-AR"},{"@type":"Organization","@id":"https:\/\/www.xn--paosjaime-m6a.com\/#organization","name":"Pa\u00f1os Jaime","url":"https:\/\/www.xn--paosjaime-m6a.com\/","logo":{"@type":"ImageObject","inLanguage":"es-AR","@id":"https:\/\/www.xn--paosjaime-m6a.com\/#\/schema\/logo\/image\/","url":"https:\/\/www.xn--paosjaime-m6a.com\/wp-content\/uploads\/2019\/10\/panosjaime-logo-x.png","contentUrl":"https:\/\/www.xn--paosjaime-m6a.com\/wp-content\/uploads\/2019\/10\/panosjaime-logo-x.png","width":150,"height":71,"caption":"Pa\u00f1os Jaime"},"image":{"@id":"https:\/\/www.xn--paosjaime-m6a.com\/#\/schema\/logo\/image\/"},"sameAs":["https:\/\/www.facebook.com\/fabricadepanosparapool\/"]}]}},"_links":{"self":[{"href":"https:\/\/www.xn--paosjaime-m6a.com\/index.php?rest_route=\/wp\/v2\/pages\/226","targetHints":{"allow":["GET"]}}],"collection":[{"href":"https:\/\/www.xn--paosjaime-m6a.com\/index.php?rest_route=\/wp\/v2\/pages"}],"about":[{"href":"https:\/\/www.xn--paosjaime-m6a.com\/index.php?rest_route=\/wp\/v2\/types\/page"}],"author":[{"embeddable":true,"href":"https:\/\/www.xn--paosjaime-m6a.com\/index.php?rest_route=\/wp\/v2\/users\/1"}],"replies":[{"embeddable":true,"href":"https:\/\/www.xn--paosjaime-m6a.com\/index.php?rest_route=%2Fwp%2Fv2%2Fcomments&post=226"}],"version-history":[{"count":125,"href":"https:\/\/www.xn--paosjaime-m6a.com\/index.php?rest_route=\/wp\/v2\/pages\/226\/revisions"}],"predecessor-version":[{"id":623,"href":"https:\/\/www.xn--paosjaime-m6a.com\/index.php?rest_route=\/wp\/v2\/pages\/226\/revisions\/623"}],"wp:attachment":[{"href":"https:\/\/www.xn--paosjaime-m6a.com\/index.php?rest_route=%2Fwp%2Fv2%2Fmedia&parent=226"}],"curies":[{"name":"wp","href":"https:\/\/api.w.org\/{rel}","templated":true}]}}